ose 2*d = k + 103, 105 = 2*d - k - 2*k. Suppose -96 = -6*l + 66. Suppose -6*j + l = -5*j. What is the remainder when d is divided by j?
24
Let m = 137 - 97. Calculate the remainder when 39 is divided by (150/m)/((-5)/(-4)).
0
Let z(a) = a**2 - 24*a + 214. Calculate the remainder when z(-19) is divided by 173.
166
Let m = 12751 + -11784. What is the remainder when 1937 is divided by m?
3
Let t be (-5 - -3)*(2 - (1 + -2)). Calculate the remainder when 18 is divided by 5/((-5)/(-7)) - (5 + t).
2
Let g = -156 - -251. Suppose 299*q - 304*q = -g. Calculate the remainder when q is divided by 10.
9
Let i be (14/(-7) - -3) + 413 + 1. What is the remainder when (5/(175/14))/(1/i) is divided by 14?
12
Let d = 16571 + -16506. Calculate the remainder when 2013 is divided by d.
63
Suppose 0 = -3*q + 48 + 48. Let p(c) be the first derivative of -c**3/3 + 6*c**2 - 15*c - 5. What is the remainder when q is divided by p(10)?
2
Suppose 35*n = 3*n - 15*n + 2444. What is the remainder when n is divided by 5?
2
Calculate the remainder when 1665 + ((-95)/(-266))/((-2)/(-28)) is divided by 58.
46
Suppose 1376*x - 1030 = 1373*x + 824. What is the remainder when 1865 is divided by x?
11
Suppose -8 = -0*d - d. Let o be (-172)/(-22) + d/44. Suppose 3*g - 190 = -2*f, 2*f + o = -0*f. Calculate the remainder when g is divided by 14.
10
Let c = 1442 + -1243. What is the remainder when c is divided by 65?
4
Suppose -24*m - 324 = -75*m + 24*m. Calculate the remainder when (-6)/27 + 1894/18 is divided by m.
9
Let c = 15816 - 15763. What is the remainder when c is divided by 1/(1/1)*18?
17
Let q(m) = m**2 + 4*m - 85. Let t be q(0). Let y = t - -208. What is the remainder when y is divided by 31?
30
Suppose -50*h + 8059 + 11489 = 348. What is the remainder when 1256 is divided by h?
104
Let a(n) = -5*n + 505. What is the remainder when 8068 is divided by a(100)?
3
Let o be 69 + (56/(-2))/7. Suppose -o*p - 360 = -89*p. Suppose 148 + 5 = 3*a. Calculate the remainder when a is divided by p.
6
Suppose -4*f = -5*t + 145, 2*f - 185 - 5 = -8*t. Calculate the remainder when 516 is divided by t.
16
Let c be 5/(15/6)*2. Suppose 4*r + u - 20 = 7, c*u + 28 = r. Suppose -4*q = -r*q + 24. Calculate the remainder when 14 is divided by q.
2
Calculate the remainder when (2 - 19439/(-35)) + (-2)/5 is divided by 42.
11
Let x = 42 + -38. Suppose 31 + 49 = x*t. Suppose -t = 5*n - 7*n. Calculate the remainder when 29 is divided by n.
9
Let l be -8*((-2)/4 - 0). Suppose 380 = 4*i + 4*p, 3*i + l*p = -0*i + 283. Let s = -10 + 30. What is the remainder when i is divided by s?
17
Let v(a) = 2*a**3 + 12*a**2 - 42*a - 169. Let o = -9 + 14. Calculate the remainder when v(-7) is divided by o.
2
Let r = 1354 - 879. Calculate the remainder when 1429 is divided by r.
4
Suppose 3*l = 7*l - 820. Suppose -b + 68 = -3*j + 5*j, l = 3*b + 5*j. Suppose -15*f - 27 = -16*f. Calculate the remainder when b is divided by f.
16
Let d = -3989 - -4045. Calculate the remainder when 265 is divided by d.
41
Suppose 5045*p = 5022*p + 24863. Calculate the remainder when p is divided by 57.
55
Suppose 33*j = 28*j - 25, 0 = -h - 4*j + 99. Suppose -4*f - 32 = -284. Calculate the remainder when h is divided by f.
56
Let d(q) = 3*q + 16. Let y be d(-4). Suppose f - 42 = -y*l + 438, 4*f + 379 = 3*l. What is the remainder when l is divided by 41?
39
Suppose 7639 = 190*i - 11931. What is the remainder when i is divided by 30?
13
Suppose -5*j = 4*f - 562, 30*f - j - 393 = 27*f. What is the remainder when 5052 is divided by f?
131
Let u = 618 - 548. Suppose 4*w - 2*m - u = 0, -3*w - 5*m - 49 = -6*w. Calculate the remainder when 142 is divided by w.
16
Suppose 7*h - 1955 = q, -4*q = -7*h + 3*h + 1124. What is the remainder when h is divided by 73?
60
Let g = -94 - -94. Suppose g = 8*p + p - 126. What is the remainder when p is divided by ((-20)/12)/(1/(-3))?
4
Let s = -22759 - -24404. Calculate the remainder when 4938 is divided by s.
3
Let o(g) = g**3 + 5*g**2 + 12*g + 93. Calculate the remainder when 123 is divided by o(-5).
24
Let y(p) = 2*p**2 + 19*p + 13. Let g be y(-9). Suppose -g*h + 192 = 5*z, 175 = 3*h - 12*z + 8*z. What is the remainder when h is divided by -21*4/(-6)*2?
25
Let n = -2367 + 2562. What is the remainder when n is divided by (-6)/(-14) + (-1108)/(-28)?
35
Let j(q) = 629*q - 1422. Calculate the remainder when j(3) is divided by 39.
36
Let f = 123 - -8. What is the remainder when f is divided by 4*436/64 - ((-28)/16)/(-7)?
23
Calculate the remainder when 1/(9 + (-94900)/10545) is divided by 151.
146
Let h(f) = 17*f**3 + 697*f**2 - 18*f - 34. What is the remainder when h(-41) is divided by 59?
55
Let i = 4859 - 4776. Calculate the remainder when 432 is divided by i.
17
Let s(x) = 3*x + 7. Let y(j) = j + 3. Let g(z) = -2*s(z) + 5*y(z). Suppose 4*f + 330 = 14*f. What is the remainder when f is divided by g(-8)?
6
Suppose -12 = v + 5*a, 0 = 182*v - 184*v + 4*a + 32. Calculate the remainder when 23 is divided by v.
7
Let k(q) = q**2 - 58*q - 5041. Suppose g + g + 40 = 2*y, -5*y - g + 76 = 0. Calculate the remainder when k(-48) is divided by y.
15
Let v = -732 + 801. Let f = 366 + -339. What is the remainder when v is divided by f?
15
Suppose -6 = 9*x - 69. Suppose 5*u = 5*a - x*a + 52, 0 = -3*u. What is the remainder when 62 is divided by a?
10
Suppose 8*x + 33 = 9. Let w(r) = 4*r**2 + 2*r - 2. What is the remainder when w(x) is divided by 6?
4
Let r be 168/30 + 2/5. Suppose r*q - q - 55 = 0. Let u = 787 - 711. What is the remainder when u is divided by q?
10
Let s(l) = -l**3 + l**2 + l + 140. Suppose 5*j - 3*p - 171 = 0, -39 = -5*j - p + 144. Calculate the remainder when s(0) is divided by j.
32
Calculate the remainder when (-3)/((27/1926)/(1/(-2))) is divided by 58.
49
Let c = 5115 - 5065. What is the remainder when (66 + -2)*6/4 is divided by c?
46
Suppose 3*v + 12*d = 1701, 6*d - 10*d + 2899 = 5*v. What is the remainder when v is divided by 143?
11
Suppose 5*z - 4*b - 25 = 2*z, b = -2*z + 2. Let q be -173 + (-2 - 1) - (-14 + 18). Calculate the remainder when 207 is divided by ((-11)/((-44)/q))/(z/(-2)).
27
Suppose 6316 = 78*z - 3980. Calculate the remainder when 1977 is divided by z.
129
Suppose -22*p + 3*h = -21*p - 1160, 3546 = 3*p + 2*h. What is the remainder when p is divided by 390?
8
Let m = 13728 - 13688. What is the remainder when 53 + 0 + -4 + 2 is divided by m?
11
Let v(s) = s - 6. Let z be v(20). Suppose -6*l = -z*l + 3072. Calculate the remainder when l is divided by 9.
6
Let b be 15/(-2)*(-470)/15. Let s = b - 141. Calculate the remainder when s is divided by 32.
30
Let t(s) = -3*s**2 - 16*s + 1. Calculate the remainder when 929 is divided by t(-4).
11
Suppose 0 = 5*m - 32 - 68. Let x(s) = s**3 - 5*s**2 + 4*s + 4. Let g be x(4). What is the remainder when ((-260)/30)/(g/(-18)) - 1 is divided by m?
18
Suppose -4*p + 1711 = 3*w, -249 = 5*p - 3*w - 2354. Suppose -64*n + 10440 + 19572 = 428*n. What is the remainder when p is divided by n?
58
Let b = 9288 + -9070. What is the remainder when 331 is divided by b?
113
Let q(r) = 2*r**3 + 32*r**2 + 6*r + 119. Calculate the remainder when 171 is divided by q(-16).
10
Suppose c - u = -68, -8*u = -5*c - 4*u - 336. Let h = 77 + c. Let v = -104 - -232. What is the remainder when v is divided by h?
11
Let v = 6055 + -5999. What is the remainder when 6212 is divided by v?
52
Suppose -4*z - 9 - 7 = 0, z = d + 1201. Let x = d + 2114. What is the remainder when x is divided by 48?
45
Let x(k) = -4*k**2 - 10*k + 5. Let t be x(4). Let z = t + 127. What is the remainder when z is divided by 8?
4
Let r = -115 + 228. Let z = -35 + r. Let f = z - 60. Calculate the remainder when 141 is divided by f.
15
Let q be 2/3*3 - (-2 - -1). Suppose q*j + 197 = 2*z - 76, -3*j = -z + 138. Suppose -3*x = -0*x - z. What is the remainder when x is divided by 16?
13
Suppose 3*j = d + 7 - 22, -25 = -3*d - j. Suppose 0 = d*y - 6*y - 417. Calculate the remainder when y is divided by -2 + -1 + 33 + -2.
27
Let u(z) be the third derivative of -z**6/120 - z**5/10 - z**4/12 - z**3/3 + 2*z**2. Let k = 41 - -8. Calculate the remainder when k is divided by u(-6).
9
Let o = 6567 - 5890. What is the remainder when o is divided by 40?
37
Let h = -4753 - -4761. What is the remainder when 173 is divided by h?
5
S